 3 + p + -1 + 3. Determine w(r).
9
Let j(q) be the third derivative of q**4/12 - q**3/3 + 2*q**2. Suppose 0*o + 1 = o. Let p be (-5)/o*6/15. Calculate j(p).
-6
Suppose 2*v - 16 = -4*k, -4*k + 0 = 3*v - 16. Let q(z) be the second derivative of -z**3/6 + 5*z**2 + 2*z. What is q(v)?
10
Let o(p) be the third derivative of p**8/20160 + p**7/630 + p**6/90 + p**5/20 - 4*p**2. Let s(c) be the third derivative of o(c). What is s(-6)?
-4
Let p = 0 + -3. Let t be 0 + -1 + 4 + p. Let f(l) = 6 - 3 + 4*l**2 - 3*l**2 - l. What is f(t)?
3
Let k(z) = z**3 - 3*z**2 + 2*z + 1. Let q be 6/(-8)*64/(-24). Determine k(q).
1
Suppose 0 = -3*l + 5*b + 1, 5*b + 22 = -7*l + 3*l. Let j be l - (0 + 0/(-2)). Let m(g) = g**2 + g - 1. Give m(j).
5
Let w(h) = h - 2. Let x = -30 + 25. Calculate w(x).
-7
Let n(k) = -k**3 - 3*k**2 - 2*k + 1. Let r be n(-2). Let x(f) = 4*f - f + f + r. Calculate x(1).
5
Let q(i) = 0 + 5 + i**3 - 3*i**2 - 6*i + 0. Let f(s) = 4*s - 8. Let d be f(6). Suppose -d = -3*v - v. What is q(v)?
-3
Let w(s) = -6*s - 9. Let f(a) be the first derivative of -a**2/2 - a + 2. Let p(g) = -5*f(g) + w(g). What is p(-5)?
1
Let t(q) = q**3 - 4*q**2 + 3*q + 2. Let y = 20 + -17. What is t(y)?
2
Let u be (-12)/30 + (-27)/(-5). Let x = u - 7. Let z(y) = -2*y**2 - y + 1. What is z(x)?
-5
Let x(q) = q + 5. Let v be x(-11). Let y be v/4*(-8)/12. Let i(f) = -2 - f - 5*f + 2*f + y. Give i(-1).
3
Let a(s) = -s + 1. Let o be a(-5). Let l(x) = -x**3 + 5*x**2 + 6*x + 5. Let w be l(o). Let b = w - 7. Let f(y) = y**2 + 2*y + 1. What is f(b)?
1
Let x(y) = -3*y - y - 8 + 3*y. Let f = -7 - -28. Suppose -5*l + 5*q - 51 + 6 = 0, -l - 5*q = -f. What is x(l)?
-4
Let k be 2/6 - 120/(-18). Suppose -k = u - 0. Let v(n) = -n. Calculate v(u).
7
Let x be 2*(6/(-4) - 1). Let s(m) be the second derivative of -1/3*m**3 + 2*m - 2*m**2 + 0. Determine s(x).
6
Suppose -5*n - 3 = -13. Let q(x) = -2 - x**3 + 3*x + 1 - 6 + 4. What is q(n)?
-5
Let g(f) = f**3 + 2*f**2 - 4*f - 1. Let t be g(-3). Let s(n) = 3 + 1 - 3 + 2*n - 4*n + n**2. Determine s(t).
1
Let t(s) = 4*s + s**3 + s**2 - 2 + 4*s**2 + 3. Calculate t(-4).
1
Suppose 0 = -b + 3*w - 2, 0*w = 3*b - 5*w + 10. Let m(v) = v. Let k(l) = l**2 + 5*l - 3. Let j(h) = -k(h) + 2*m(h). What is j(b)?
-7
Let f = 14 - 8. Suppose 4*u - 2 = -f. Let q(c) = 3*c**3 - c**2 - c - 1. What is q(u)?
-4
Let z be (66/18)/((-2)/(-6)). Let b = 9 - z. Let g(r) = -r**3 + r**2 + 3*r + 3. Determine g(b).
9
Let g(l) = -l**2 + l + 1. Suppose f = -4*j - 15, -2*j - 44 + 9 = -5*f. Suppose 16 - 1 = f*b. Calculate g(b).
-5
Let n(z) be the first derivative of 0*z**2 + 7/120*z**5 + 0*z - 1/3*z**3 - 1 - 1/24*z**4. Let o(x) be the third derivative of n(x). Give o(-1).
-8
Let a be (4 - 1) + (2 - 2). Suppose s - 2*s = -2*k, a*s = 4*k. Suppose k + 16 = -2*u + 2*b, 19 = -5*u - 2*b. Let y(h) = h**2 + 7*h + 1. Calculate y(u).
-9
Let l(p) = p**2 - 14*p - 4. Let t be l(14). Let c(a) = a**2 + 8*a + 1. Give c(t).
-15
Let y(j) = -3*j**2 - 2*j - 6. Let u(l) = -8*l**2 - 6*l - 17. Let r(t) = 4*u(t) - 11*y(t). Give r(6).
22
Let z(t) be the second derivative of 2*t**4/3 - t**2/2 + t. Suppose -5*b + 6 = 3*a, -2*a - 3*b + 0*b + 4 = 0. Let i be ((-1 - 0) + a)/1. What is z(i)?
7
Let q(o) = -o**2 + 10*o - 20. Let k be q(6). Let l(w) = w**3 - 2*w**2 - 4*w - 5. What is l(k)?
11
Suppose 0 = -7*h + 2 - 30. Let w(c) be the second derivative of c**4/12 + 7*c**3/6 - 2*c. Give w(h).
-12
Suppose -2*d + 7 = 2*d + m, 0 = 2*m + 2. Suppose d*b - 9 = b. Suppose 2*j + 4*o - 20 = 0, -j + 5*o - b = 2. Let z(t) = 2*t**2 - 4*t - 5. Calculate z(j).
11
Let l(q) = -3 + 0*q**3 + 12*q - 4*q**2 - 17*q - q**2 - q**3. Determine l(-3).
-6
Let s(l) = -6*l**3 + l + 333*l**2 + 3*l**3 - 334*l**2 + 1. Let p(x) = x - 2. Let k be p(1). Calculate s(k).
2
Let b = 27 - 26. Let w(y) be the second derivative of -y**7/360 - y**6/720 + y**4/12 + y. Let v(t) be the third derivative of w(t). What is v(b)?
-8
Let w(g) = g**2 - 4*g - 2. Let y(d) = -4 - d**2 - 8*d + d**2 + 3*d**2. Let a be 2/(-4) - 9/2. Let u(n) = a*w(n) + 2*y(n). What is u(-5)?
7
Let r(l) = -4*l + 1. Let f(v) = 5*v - 1. Let m(i) = -2*f(i) - 3*r(i). What is m(-5)?
-11
Let a(u) = -5*u**2 + 7*u + 13. Let z(m) = -m**2 + 2*m + 3. Let l(j) = -2*a(j) + 9*z(j). Let w(p) = p**2 + 12*p - 5. Let o be w(-12). Calculate l(o).
6
Let i(z) = -z**3 + z**2 - 3*z + 2. Let x = 27 - 25. Give i(x).
-8
Let x(s) = 3*s + 1 - 12*s + 6 - s**2 + 14*s. Determine x(6).
1
Suppose 4*a - f + 5 = 2, -3*a - 4*f - 26 = 0. Let m be ((a + 1)*0)/(-3). Let r(o) = -2*o**2 - o**3 + m*o**3 - 4 + 5*o + 4 - 3. Determine r(-4).
9
Let p(j) = 5*j**3. Let y = 31 + -32. Give p(y).
-5
Let f(a) = -a**2 - 3*a - 2. Let l(v) = 4*v**2 - 2*v + 3. Let d be l(2). Let z be 24/(-10) - (-6)/d. What is f(z)?
0
Let t(d) = d**2 - d - 4. Let m be (2/(-3))/((-4)/30). Give t(m).
16
Let c be -3 + -2 + (1 - 1). Let o = -3 - c. Let l(m) = 107*m**3 + 0*m**2 - m**2 - 106*m**3 - 2 - m. Give l(o).
0
Suppose -r - 12 = -14. Let n(l) = -3*l + 3*l**2 + 2*l**2 - 2*l**2 + 1 - l**3. Calculate n(r).
-1
Let l be (1 + 0)*3/(-1). Let o(r) = -r**3 - 3*r**2 + r + 3. Let h be o(l). Let z(a) be the first derivative of a**2/2 - 4*a - 1. Calculate z(h).
-4
Suppose 0*t - 4*t = 16, -2 = -2*h - 3*t. Let i(n) = -n**3 + 6*n**2 + 7*n + 3. Give i(h).
3
Let u(d) = -d**3 + d + 6 - 5*d + 7*d**2 - 2*d**2. Suppose c = 2 + 2. Give u(c).
6
Suppose 3*s + 24 = -39. Let g = s - -15. Let r(f) = -f**2 - 6*f - 3. Give r(g).
-3
Let r(b) be the first derivative of -b**7/840 + b**6/360 - b**4/4 + 2*b**3/3 + 4. Let a(p) be the third derivative of r(p). Give a(0).
-6
Let a(o) = -5*o**2 + o - 1. Let d be 3/7 - 418/77. Let c(k) be the first derivative of 3*k**3 - k**2/2 + k + 2. Let g(l) = d*a(l) - 3*c(l). Determine g(-2).
-2
Let v(t) be the third derivative of t**5/20 - t**4/6 + t**3/2 - t**2. Let z = 26 - 24. Determine v(z).
7
Let o = -18 - -12. Let x(b) be the first derivative of b**3/3 + 3*b**2 + 2*b - 6. Calculate x(o).
2
Let p(o) = -o**3 - 2*o**2 - 2*o - 1. Let q be p(-1). Suppose 5*z = -0*m + 4*m - 5, 2*m + 10 = q. Let u(f) = 5*f - 3 + f**3 + 6*f**2 + 5 + f. Give u(z).
-3
Let o(m) = -5*m**3 - 17*m**2 + 8*m + 5. Let l(g) = -g**3 - 4*g**2 + 2*g + 1. Let x(k) = -18*l(k) + 4*o(k). Determine x(2).
-6
Let r(w) = -3*w - 2. Let g(l) = -2*l - 1. Let p(d) = 5*g(d) - 4*r(d). Calculate p(-3).
-3
Let r(t) = -2*t**2 + 13*t + 5. Let g(v) = v**2 - 7*v - 2. Let j(l) = -5*g(l) - 3*r(l). Calculate j(6).
7
Let m(d) be the second derivative of -d**3/6 - 11*d**2/2 - 4*d. Let g be m(-11). Let a(r) = r**2 + r + 14. Determine a(g).
14
Let j(t) = -t**2 + t. Let q(w) = -8*w - 7. Let x = -6 - -7. Let b(h) = x*q(h) + j(h). Calculate b(-5).
3
Let j(x) be the third derivative of 1/8*x**4 + 4*x**2 + 0*x + 0 + 1/15*x**5 + 0*x**3 + 1/120*x**6. Let g be j(-2). Let q(z) = 3*z - 3. What is q(g)?
3
Let u = 10 + -5. Let r(o) = -u*o + 4 - o**2 - 7*o + 7*o. What is r(-6)?
-2
Let v = 0 + 3. Let f(a) = -5*a - 1 + 0*a**v - 7*a**2 + 2 - a**3. Calculate f(-6).
-5
Let a(x) = 3*x - 3. Let k be (-8)/20 - (-24)/10. Suppose 4*i - 2 = 3*s, 0 = 3*s - 0*i + k*i + 26. Let l = s - -9. Determine a(l).
6
Let c(x) = -x**2 - 18*x + 18. Let z be c(-19). Let h(r) = -15*r - 1. Calculate h(z).
14
Let q(z) = 3 + z + 1 - 4. Give q(-7).
-7
Let z(v) be the first derivative of -v**4/4 - 2*v**3/3 - v**2 - 2*v - 15. Let t(a) = a**3 - 11*a**2 + 11*a - 12. Let x be t(10). Let f = x + 0. What is z(f)?
2
Let q = 25 + -24. Let x(d) = 14*d + 1. Give x(q).
15
Let c(z) = -z + 8. Let v be c(6). Let o(t) = 0*t - v*t**2 + t**2 - t. What is o(-1)?
0
Let b(o) = -2 - 72*o + 1 - 1 + 71*o. Give b(-5).
3
Let h(o) be the second derivative of -o**5/20 + o**4/3 - o**3/2 - o**2 + o. Suppose 6 = 2*x + u, 2*x - 4*u = 4*x - 6. Calculate h(x).
-2
Let b(s) = 4*s - 12. Let d(o) = -o + 1. Let c(l) = -b(l) - 3*d(l). Let g be (1 - 3) + 2/1. Calculate c(g).
9
Let f be (-4)/6*2*3. Let u(h) = -14*h**3 - 5*h**2 - 3*h + 20. Let v(l) = 5*l**3 + 2*l**2 + l - 7. Let q = 24 - 7. Let s(k) = q*v(k) + 6*u(k). Determine s(f).
5
Let y = 8 + -2. Let a(p) = 4*p - 2 + 3*p - y*p. Determine a(0).
-2
Let k(y) be the second derivative of y**6/120 + y**5/12 + 5*y**4/24 - 2*y**3/3 - y**2/2 + 2*y. Let r(w) be the first derivative of k(w). Calculate r(-4).
-8
Let d(a) = -a**3 + 4*a**2 - 2*a + 4. Suppose -5*i - 24 = -2*r,